posite number?
False
Suppose 74*p - 1307463 = 230183. Is p composite?
True
Suppose 0 = -60*o + 53*o + 1323. Let r = o - 166. Is r prime?
True
Is (-4)/14 + -20 + (-17643768)/(-56) prime?
True
Let t = 5659 - 10052. Is 3/((-26361)/t - 6) prime?
False
Suppose -27 = -l + 4*l. Let d(x) = -x**3 - 9*x**2 - x - 8. Let v be d(l). Is (9278 + v)*((-3)/9)/(-1) composite?
True
Let z = -252171 + 431156. Is z prime?
False
Let g be 4*746 - 1*1/1. Suppose -g = -2*l - 717. Suppose -l = -3*w - 2*t, 3*w = 6*w - t - 1139. Is w a composite number?
False
Suppose v + 5*d - 1591 = 0, 8047 = 4*v + v + 2*d. Let f = v + -908. Is f a composite number?
True
Let x = 2740712 + -1829873. Is x prime?
False
Suppose -2*a - 3*g = -20 - 11, 21 = 2*a + g. Is a/(-56) + (-5958)/(-7) a composite number?
True
Suppose -5*l + 5*d = 13963 + 6497, -2*l - 8180 = -4*d. Let w = 9739 + l. Is w composite?
True
Suppose -11*a = -13*a + 3872. Suppose -13*d + 11595 = a. Is d composite?
False
Is (22/20 - (-83 - -84)) + (-15009)/(-10) a prime number?
False
Let l = -238 - -130. Let n be l/(-63) - (-4)/14. Suppose n*o - 175 = 115. Is o a composite number?
True
Let y(b) = 133*b**3 + b - 1. Suppose 5*d + 17 = 22. Let u be y(d). Is (u/(-14))/(1/(-82)) a composite number?
True
Suppose 0 = -2*z + 6*z + 3*i - 30151, -5*z = 2*i - 37687. Let k = 10908 - z. Is k prime?
True
Suppose 88 = 11*i - 11. Suppose -i = -4*j - 4*o + 3, 2*j + o = 6. Suppose -124 = -a - j*g + 625, -4*a = -g - 2931. Is a a prime number?
False
Suppose -9*i = -4*i + 25, -399251 = -3*z - 2*i. Is z a composite number?
False
Suppose -14*f + 47577 = -23053. Suppose -8*g + 12608 = -3*g - l, -l - f = -2*g. Is g prime?
True
Let a(k) = -3*k**2 + 23*k - 8. Let w(z) = -3*z**2 + 24*z - 9. Let p(l) = -5*a(l) + 4*w(l). Let h be p(7). Is (-2 + 3837/2)/(9/h) a prime number?
True
Let i = 34 + -30. Suppose -543 = i*a - 3*j - 1474, -4*a + 5*j = -941. Let z = 340 - a. Is z composite?
True
Let k(q) = -q**2 + 12*q + 5. Let y be k(12). Suppose 15 = -y*o + 10*o. Suppose 5*z + o*u = 584, 4*z + 4*u = z + 357. Is z a prime number?
False
Suppose -4*h + 187438 + 133222 = 0. Suppose 12*r + h = 17*r. Is r composite?
False
Is 5611047/312*16/2 composite?
False
Let m(k) = -k - 3*k - 32*k - 31. Let w(a) = a**2 + 118*a + 767. Let h be w(-7). Is m(h) composite?
True
Let z(t) = 11*t**2 - 19*t - 5. Let c be z(15). Suppose 5*w + 700 - c = 0. Suppose 0*v = 3*o - 3*v - w, 2*o - 186 = -4*v. Is o a prime number?
True
Let x(a) = -180*a**2 + a + 2. Let o be x(-1). Let n = o - 9. Let m = n - -861. Is m a composite number?
False
Let v be -5 + 1 + 1 + -2 + 2446. Let k = 3540 + v. Is k a composite number?
False
Let j(t) = -6885*t + 177. Suppose -11*r = -56*r - 180. Is j(r) a prime number?
False
Let u(f) = f**3 - f**2 + 15*f + 26963. Is u(0) composite?
True
Suppose 4*f + o + 3550 - 14825 = 0, 0 = -5*f + o + 14105. Let k = f - 1811. Is k a prime number?
True
Suppose 0 = 2*m + 191*g - 187*g - 1070754, -4*m + 2141560 = -5*g. Is m a prime number?
False
Let g be (33/44)/(3/8). Suppose -3*x + g*d - 1007 + 17764 = 0, 3*d - 22337 = -4*x. Is x prime?
False
Suppose 97945 = 5*r - 5*v, -65*v = -2*r - 68*v + 39158. Is r composite?
True
Suppose 4*s + 141 = 5*y, 3*y = -s + 4*y - 35. Let u(w) = -w**3 - 21*w**2 + 80*w - 111. Is u(s) prime?
True
Let i = -225603 + 468416. Is i a composite number?
False
Let n(m) = 368*m - 57. Let x be n(-15). Is (-2 - 0)/(-1) - x prime?
False
Suppose -221008 - 338589 = -2*q + 5*n, q - n - 279794 = 0. Is q a composite number?
True
Suppose 0 = 11*m + 7*m. Suppose -3*j - 36 + 249 = m. Is j composite?
False
Let w be 1*(3 - 2) - 1. Suppose o + 13*o - 25858 = w. Is o a prime number?
True
Suppose -4*y - 509*r + 504*r = -3611415, y - 4*r = 902817. Is y a composite number?
True
Suppose 1047*t = 1049*t - 193852. Is t composite?
True
Suppose -13*s + 10*s + 16017 = 0. Let u = 8976 - s. Is u a composite number?
False
Let f(t) = 14*t**2 + 22*t + 26. Let s(b) = 5*b**2 + 7*b + 9. Let m(o) = 6*f(o) - 17*s(o). Let x be m(13). Suppose l - 328 = -x*l. Is l a composite number?
True
Let s(y) = 265*y**2 + 37*y + 1175. Is s(-30) composite?
True
Suppose -4*v + 5078 + 4770 = 0. Let m = v - 1465. Is m a prime number?
True
Suppose 0 - 49 = -7*a. Let p(j) = j - 2*j**3 - 3*j - 6*j + a*j - 4 - 18*j**2. Is p(-13) prime?
True
Suppose 16 - 41 = -5*y. Suppose -y*a = -a. Suppose a*q = -3*q + 1605. Is q prime?
False
Suppose 0 = -2*w + 6*a - a - 100, -5*a + 140 = -3*w. Let v = w + 44. Is v/6 + 26*(-1238)/(-12) a composite number?
False
Let f = 47 + -43. Suppose f*n = -22861 + 8693. Is (-4 + -8)/(-4) - n prime?
False
Is 3 + (2 - 0) - (4 - (366243 + -1)) a composite number?
True
Let g(m) = m**3 + 4*m**2 + 2*m - 1. Let x be g(-3). Suppose -6*n + f - 16 = -7*n, -x*n + 37 = 3*f. Suppose -15583 = -n*p + 2578. Is p composite?
True
Let b = 781 + -781. Let v(h) = -h**2 + 12*h + 33889. Is v(b) composite?
False
Suppose 30 = 7*k - k. Let c(v) = 3*v + 1. Let y be c(k). Is 4/y - (-1734)/8 a prime number?
False
Let f(o) = 340*o - 107. Let x be 2 - 33/18 - 53/(-6). Is f(x) prime?
True
Let k = -4801 - -6744. Is k a prime number?
False
Is 20 - 36/24*-228402 a composite number?
True
Let t = 60 + -58. Suppose -4*u = 0, 3*j + 4*u - 7 = t*j. Suppose 0 = 4*q, -4*d - j*q + 14540 = -3*q. Is d a prime number?
False
Is (-2 - -4)/((-15)/7411630*(-72)/54) prime?
True
Let m(n) = n**3 + n**2 - 3*n - 16. Let j be m(0). Let t(f) = -128*f + 29. Is t(j) composite?
True
Let c(l) = 2*l**3 - 8*l**2 + 4*l - 4. Let n be c(5). Suppose -7*t - n = -13*t. Suppose 5*g - t*g = -1326. Is g a prime number?
False
Let m(y) = -33*y - 331. Let g be m(-12). Suppose 43170 = g*x - 38665. Is x composite?
False
Suppose 0 = -u - 4*w - 11 + 3, 4*u + 10 = -5*w. Suppose u = 8*f - 6*f + 178. Is (3*f)/((-24)/40) composite?
True
Let i(c) = 4 - 18*c**2 + 8*c - 24*c**3 + 7 + 2*c**2 + 18*c**2. Is i(-6) composite?
True
Let c be ((-42)/72 - (-3)/12)*0. Suppose 3*y + 4*g - 3207 = c, 9*g - 6*g = 2*y - 2155. Is y composite?
True
Let x(v) = -9638*v - 5053. Is x(-70) a prime number?
True
Suppose -6*f = -n - 5*f - 262, 0 = 7*n - 4*f + 1822. Suppose -3*g = 2*g + 3*h - 3745, -h + 749 = g. Let c = g - n. Is c prime?
False
Suppose 4*p - 5 = 15. Suppose 64 = p*w - 9*w. Let n(s) = -4*s + 30. Is n(w) composite?
True
Suppose -54 - 66 = -6*h. Let d = 28 - h. Is (d/28)/(5/1855) a prime number?
False
Let t = 169769 - 94392. Is t composite?
False
Suppose 4 = n - 3*z, -5*n + 4 = -5*z + 14. Is (1799*12)/7 - (n + 4) a prime number?
False
Suppose 4*n - d - 96892 = -3*d, -5*d = 3*n - 72676. Suppose -37*p + n = -4*p. Is p a prime number?
False
Suppose 14*r + 4*b = 12*r + 43690, 4*r - 87398 = -5*b. Is r prime?
False
Suppose -2056762 = -i - 13*i + 3093208. Is i a prime number?
False
Let b be (-377)/(-4) + 2/(-8). Suppose 2 = -2*t + 3*h - b, -2*t - 96 = h. Let i = 307 + t. Is i a composite number?
True
Suppose -7*b + 16*b = 108. Is b/36 + (-1526)/(-3) a prime number?
True
Let s = 84432 + -18785. Is s composite?
False
Suppose -91*x - 51293 = -80*x. Let u = 6741 + x. Is u prime?
False
Let p = 109 + -105. Suppose -3*t - n = -9185 - 9297, -t - p*n + 6179 = 0. Suppose -4932 = -3*i + t. Is i prime?
True
Let i be ((-3)/15)/((-2)/50). Suppose i*u + m - 25 = 0, -4*m + 2*m = -5*u + 10. Suppose 4*y = -u*p + 9472, 5*y - 3*p - 11858 = -2*p. Is y prime?
True
Let y = -48 + 14. Let l = y - -39. Suppose 2*r - 3*h - 2*h - 847 = 0, 0 = 5*r + l*h - 2170. Is r composite?
False
Let f(r) = 220*r - 53. Suppose 85 = 5*z - 5*h, -9*h - 83 = -5*z - 5*h. Is f(z) prime?
False
Let f(l) = -l + 8. Let c be f(5). Suppose -3*s - c = q, 19 = -4*s + 4*q - 1. Is ((-762)/15)/(s/5) a composite number?
False
Suppose 0 = 2*u + 10, 10 = 4*q - 4*u + 2*u. Suppose 4*s - 101892 - 21368 = q. Is s a composite number?
True
Let c(l) = 2*l**3 - 47*l**3 - 87*l - 12*l**2 + 51 + 7*l**3 + 106*l. Is c(-8) a prime number?
True
Let a(p) = -76*p - 17. Suppose 4*s - 5*o + 4 = -0*s, 12 = -s + 4*o. Let x(h) = 152*h + 33. Let z(u) = s*x(u) + 7*a(u). Is z(4) a composite number?
False
Let u(h) = 179*h**2 - 5*h - 6. Let t = -20 + 17. Let f be u(t). Let q = -617 + f. Is q prime?
False
Let p = 4718 + -2271. Suppose 0 = -3*m - x + 2240, 2*m + 3*x = p - 942. Is m a composite number?
True
Suppose 2*q - 20 = -18. Suppose 5*k = 2*p - 6, q + 5 = 2*p - k. Let h(m) = 184*m**2 - m 